Suppose 30 = 5*j - w*i, -4*j = -j - 4*i - 18. Calculate s(j).
1
Let i(u) = -u**3 - 3*u - 3. Let s = -760 + 777. Suppose 11 = 3*v + s. Give i(v).
11
Let f(l) = 23*l**2 + 31*l - 21. Let w(q) = -6*q**2 - 1. Let v(b) = f(b) + 4*w(b). Give v(30).
5
Suppose -1758 + 2048 = -58*l. Let a(t) = t**3 + 8*t**2 - 3*t + 7. Determine a(l).
97
Let n(g) = g**3 + g**2 - 5. Let x = -761 - -757. What is n(x)?
-53
Let y = -19 + 9. Let o(n) = n**2 + 34*n + 23. Let h(b) = 5*b + 7. Let l(g) = 5*h(g) - o(g). Calculate l(y).
2
Suppose w + 0 + 3 = -y, -3*w = -5*y + 1. Let i(h) = h + 0*h**3 - 4*h**2 + 7*h**2 + h**3 - 979 + 978. What is i(w)?
1
Let q(g) = -35*g**2 + 0 + 6*g - 2*g - 2. Let o(w) = -18*w**2 + 2*w - 1. Let c(z) = 13*o(z) - 6*q(z). What is c(1)?
-23
Let v(s) = -2*s - 2. Let y be v(-5). Let c(m) = -7*m + 22*m**2 - 20*m**2 - 4 - m**2. Determine c(y).
4
Suppose -5*w + 37 + 23 = 0. Suppose -w + 5 = 3*i - 2*q, 5*i + q + 16 = 0. Let t(r) = r**2 + 0*r**2 + 3*r + 0*r - 2*r. Give t(i).
6
Let u(t) = -t**3 - 7*t**2 + 7*t - 12. Let f(r) = -r**2 - 10*r - 22. Let w be f(-5). Suppose 5*b + 50 = -w*p + 1, 4*b - 12 = 4*p. Determine u(p).
-4
Suppose -315*p + 24 = -312*p. Let a(i) = 4*i**2 - 30*i - 11. Determine a(p).
5
Let y = -4 - -5. Let s(l) = -5*l**3 - 5*l**3 - 8*l**3 + 4*l - l**2 + 0*l**3 - 2 + 15*l**3 - l**3. Calculate s(y).
-3
Suppose 2 = -5*p + 4*p. Let d(x) = -x**2 - x - 1. Let k(l) = l**3 + 8*l**2 + 6*l - 2. Let q(w) = p*d(w) + k(w). Let m be (6 + 27/(-6))/(1/(-6)). What is q(m)?
9
Let y = 736 - 742. Let w(v) be the third derivative of -1/120*v**6 + 4*v**2 + 0 + 1/24*v**4 - 1/10*v**5 + 0*v - 4/3*v**3. Calculate w(y).
-14
Let s = -252 - -254. Let q(x) = 13*x. Let p(o) = 67*o - 1. Let u(c) = s*p(c) - 11*q(c). What is u(-2)?
16
Suppose 0*m - 4 = 2*m. Let b(s) be the third derivative of -11/24*s**4 + 0 + 39*s - s**2 + 1/6*s**3. Give b(m).
23
Let p(f) be the third derivative of -f**6/120 - f**5/10 + f**4/4 - 5*f**3/3 - f**2 + 370*f. Suppose r = -2*r + 63. Let h = r + -28. What is p(h)?
-3
Let n(o) be the second derivative of -7 + 1/12*o**4 + 2*o - 1/2*o**3 - 5/2*o**2. What is n(-2)?
5
Suppose -5 = -2*i - 0*m - m, -3*i - 4*m = -10. Let t = i - 2. Let k(u) = -11*u**2 - 12*u**2 + 180*u**2 - 2 - 156*u**2. Determine k(t).
-2
Let g(b) = 7*b**2 + 80*b + 80. Let y be g(-1). Let t(m) = -5*m**2 + 42*m**2 - 10*m + 1 - 36*m**2. Give t(y).
-20
Let n(c) = -c + 21. Let h = -12 - -12. Let t be h + 0 + -9 + 21. Calculate n(t).
9
Let x be (25 + (0 - 5))*(-9)/(-4). Let q(y) = 7 + 30*y + 20*y - y**2 - x*y. Give q(6).
1
Let c(z) = -1931*z + 4*z**2 + 5 + 2*z**3 + 1930*z + 5 + 0*z**2 - z**2. Let j(y) = -y**3 - 5*y**2 + y - 8. Let q(x) = 2*c(x) + 3*j(x). What is q(9)?
5
Suppose -6*r - 2845 = 1655. Let o = r + 760. Let b(h) = h - 17. Give b(o).
-7
Let f(n) = -3*n**2 - 39*n + 3. Let u be 21/35 - 272/20. Let h be f(u). Let c(t) = -2*t**2 + 3*t - 1. Calculate c(h).
-10
Let m(f) = -f**2 + 7*f - 10. Let a(j) = -3*j. Suppose 0 = 21*o - 9*o. Suppose -q + 3*n - 8 = o, q - 9*n + 7*n = -6. Let d be a(q). Calculate m(d).
-4
Suppose -3*n + 0*n = -6, m + 4 = 2*n. Let h(i) = 23 - 27 + 3*i - 2*i + m*i. Let q(x) = 2*x - 5. Let u(k) = 4*h(k) - 3*q(k). Give u(-2).
3
Let u(n) = -n**3 + 9*n**2 - 8*n - 8. Suppose 4*f + 4*w = -0*f - 60, -30 = 2*f - 2*w. Let h be (-12)/f*(-50)/(-5). Determine u(h).
-8
Let x be 3 - (240/5 - 6). Let j = -37 - x. Let i(t) = t**3 - 4*t**2 - 3*t + 3. Determine i(j).
-11
Let g(j) be the second derivative of 0*j**2 + 0 - 22*j + j**3 + 1/6*j**4. Calculate g(-5).
20
Let p(o) be the second derivative of 1/120*o**5 + 0*o**2 - 1/4*o**4 - 2*o - 4/3*o**3 + 0. Let f(q) be the second derivative of p(q). What is f(7)?
1
Let h(n) = 2*n - 18. Let g be -13 - 92*7/(-28). Determine h(g).
2
Let i(p) be the third derivative of p**6/120 - p**5/15 - 7*p**4/24 + 7*p**3/6 - 5*p**2 - 23. Let t be 3 - (-4 + 19/1). Let u = 17 + t. Calculate i(u).
-3
Let r(q) be the second derivative of -7*q**4/12 + q**3/6 + q**2/2 - 25*q + 5. What is r(3)?
-59
Suppose 0*h = 4*h + 4*t, 0 = 5*h - 5*t - 30. Let g(f) = -h + 2*f - f - 2*f. Suppose -5*n + 3*a = 8, -4*n - a - 33 + 13 = 0. What is g(n)?
1
Let v be ((-35)/(-10) - 3) + 5/2. Let x(g) = -2 + 4803*g - 4797*g + 0 - v*g**2. Determine x(4).
-26
Let i = -29783 - -29783. Let d(j) be the second derivative of 0*j**3 + 24*j + i*j**2 + 0 - 1/4*j**4. Calculate d(-2).
-12
Let r(s) = -s**2 + s + 4. Let b be 2 + 55 - (4 + -3). Suppose 5*y + 177 = 8*y. Let u = y - b. What is r(u)?
-2
Let n(g) = 2*g**2 - 4*g + 2. Let h be n(2). Suppose h*o - 7 = 2*l - 3*l, -4*o + l = -11. Let x = 0 + o. Let u(f) = f**3 - 3*f**2 - f + 4. What is u(x)?
1
Let u(b) = b**3 - 4*b**2 + 4*b - 1. Suppose 5*i - 2*r - 330 = 0, -2*r - 265 = -3*i - 63. Suppose 32*d - i = 16*d. What is u(d)?
15
Let q(n) = n - 7 + 0*n - 4*n + 0*n. Suppose -z - 4*r = -25, -30 = 3*z - 4*z - 5*r. Suppose 0 = -3*i - z*g + 3*g - 16, 32 = -5*i + 2*g. Calculate q(i).
11
Let n(c) = -6*c**2 - 160*c + 73. Let o(d) = -2*d**2 - 39*d + 19. Let t(b) = -2*n(b) + 9*o(b). What is t(-6)?
-5
Let t(y) = -y - 1. Let b(v) = v**2 - 10*v - 8. Let q(g) = -b(g) + 4*t(g). Let x(p) = 2*p + 1. Let a be x(3). Suppose -a = 6*j - 37. Give q(j).
9
Let h(f) = f**2 - 19*f + 33. Let w be h(25). Let r = -182 + w. Let y(q) = -1 + q + 1 + 5*q**2. Determine y(r).
6
Let k(b) = 17*b**2 - 427*b + 58. Let n be k(25). Let s(t) be the first derivative of -t**4/4 + 2*t**3 + 8*t**2 + 2*t + 2. Determine s(n).
2
Let v(r) be the second derivative of -4*r**3/3 - 174*r. Suppose 8 = 4*g + 2*n, -1 = -g - n + 1. Calculate v(g).
-16
Let s(v) = -v**3 + v**2 - 2*v + 6. Let c = 50 - 50. Let o be s(c). Let u(x) = -2*x**2 - 4 + o*x - 4*x**2 + 20*x**3 - 21*x**3. Determine u(-7).
3
Let h(n) = -7 - 4 + n + 2*n - 4*n. Let v(x) = x**2 + 9*x - 12. Let s be v(-11). Suppose 0*l - 2*l - s = 0. What is h(l)?
-6
Let l = 3052 - 3050. Let b(h) = -4*h**3 + 3*h**2 - 2*h + 1. Give b(l).
-23
Let y(t) = 21*t**2 - 7*t + 2. Let n(b) = 4*b**2 - b + 1. Let v(z) = -5*n(z) + y(z). Calculate v(-4).
21
Let r = -44 + 60. Let w(u) = 15*u + 5 - r*u - 7 - 6 - 6. Give w(-14).
0
Let p(b) = 47*b - 1883. Let n be p(40). Let s(q) = -5*q**2 - 9*q + 4. Let v(d) = -d**2 - d + 1. Let z(o) = -s(o) + 6*v(o). Calculate z(n).
-16
Let n be (-594)/495 - 16/(-5). Let z(l) = 3*l - 1. Let q be z(1). Let a(w) = 2 + 4*w - n*w + 0*w**2 + w + w**q. Give a(-3).
2
Suppose -3*b - 53 = -2*t, 2*b = -4*t + 9*t - 50. Let s be 3/(-15)*47 - (-9)/b. Let f(o) = o + 1. Determine f(s).
-9
Let g(z) = z - 74. Let r(v) = -2*v + 136. Let d(n) = -9*g(n) - 5*r(n). Determine d(19).
5
Let c(u) = 42*u**3 + 17*u**2 - 22*u + 8. Let w(t) = 52*t**3 + 19*t**2 - 23*t + 10. Let y(j) = 5*c(j) - 4*w(j). Determine y(-6).
0
Let r(d) = 4 - 7 - 2*d - 2356*d**2 + 6 + 2365*d**2. Determine r(2).
35
Let o = 22 - 23. Let m(v) = -v**2 + 3*v + 4. Let q(h) = -4*h - 5. Let n(l) = 6*m(l) + 5*q(l). Determine n(o).
-5
Let s(f) = 6*f**3 - f**2 + 15*f + 1. Let g(x) = -44 - 2*x**2 + x**3 + 21 + 22 + x**2 + 2*x. Let j(q) = 5*g(q) - s(q). What is j(-3)?
0
Let y(p) = 25 + 9 - 3*p - 1 + 2*p. What is y(21)?
12
Let i(m) = -m**2 + 2*m + 3. Let n(r) = 3*r + 5. Let y(p) = 2*i(p) - n(p). Give y(4).
-27
Let t(z) = -z**2 - 16*z - 6. Suppose -3*x + 3*f = 24, 4*x = 8*f - 45 + 21. Give t(x).
54
Let g be (-1110)/(-24) - (-5 + (-25)/(-4)). Let c(h) = g*h - 14*h + 17 - 16*h - 10*h - 7*h. Calculate c(10).
-3
Let b(h) = -h**2 + 27*h - 126. Let p(j) = 55*j**2 + 1152*j - 40. Let u be p(-21). What is b(u)?
-34
Let v(p) = -504 - 72571*p + 72567*p + 456. Suppose 58 = -5*h + 3. Calculate v(h).
-4
Let l(v) be the third derivative of -v**6/120 + v**5/12 + 23*v**4/24 + 2*v**3 - 2990*v**2. Give l(8).
4
Let o(g) = g**3 + 4*g**2 - g - 4. Let x be o(-3). Suppose -5*b + x*b = -12. Let w(z) = -5*z - 2. Give w(b).
18
Let v(y) = 5*y + 11. Let b(i) be the third derivative of -29*i**4/24 - 11*i**3 - 49*i**2 + 3. Let n(s) = -6*b(s) - 34*v(s). Calculate n(-6).
-2
Let a = 6987/2 - 3491. Let x(t) be the second derivative of 7/6*t**3 + 0 - 30*t - a*t**2. Calculate x(4).
23
Let s(m) = 6*m**2 - 10*m - 11. Let r(v) = 5*v**2 - 10*v - 10. Let n(x) = 7*r(x) - 6*s(x). Let j = 430 + -380. Suppose 0 = -j*y + 55*y + 30. Determine n(y).
20
Let h = 2477 - 2494. Let d(w) = w**3 + 18*w**2 + 18*w + 6. Give d(h).
-11
Let s(g) = -g - 1. Let c(n) = -8*n**2 - 9